{"id":166,"date":"2021-12-14T04:11:54","date_gmt":"2021-12-14T03:11:54","guid":{"rendered":"https:\/\/expertentagung.info\/virtuelles-konferenz-center\/?page_id=166"},"modified":"2021-12-24T23:41:56","modified_gmt":"2021-12-24T22:41:56","slug":"1-etage-foyer-tagungsorganisation","status":"publish","type":"page","link":"https:\/\/expertentagung.info\/virtuelles-konferenz-center\/1-etage-foyer-tagungsorganisation\/","title":{"rendered":"Foyer &#038; Tagungsorganisation"},"content":{"rendered":"<div class=\"art-postheadericons art-metadata-icons\" style=\"text-align: center;\">&nbsp;<\/div>\n<div class=\"art-postcontent clearfix\">\n<p style=\"text-align: center;\"><a href=\"https:\/\/expertentagung.info\/virtuelles-konferenz-center\/fahrstuhl\/\"><img loading=\"lazy\" decoding=\"async\" class=\"alignnone\" src=\"https:\/\/technik-netzwerk.de\/fileserver-zentrale\/www-virtuelles-konferenz-center-de\/999-expertentagung-1200px.png\" alt=\"\" width=\"1200\" height=\"163\"><\/a><\/p>\n<p style=\"text-align: center;\"><a href=\"#\" target=\"_blank\" rel=\"noopener\"><img loading=\"lazy\" decoding=\"async\" class=\"alignnone\" src=\"https:\/\/technik-netzwerk.de\/fileserver-zentrale\/www-virtuelles-konferenz-center-de\/1-etage-foyer-tagungsorganisation-1200px.png\" alt=\"\" width=\"1200\" height=\"96\"><\/a><\/p>\n<p style=\"text-align: center;\">&nbsp;<\/p>\n<\/div>\n<p style=\"text-align: center;\"><strong>HERZLICH WILLKOMMEN IM FOYER des Virtuellen Konferenz-Centers (VKC):<\/strong><\/p>\n<p style=\"text-align: center;\"><span style=\"color: #ffffff;\">.<\/span><\/p>\n<p style=\"text-align: center;\"><a class=\"fasc-button fasc-size-xlarge fasc-type-glossy fasc-rounded-medium fasc-ico-before dashicons-format-chat fasc-style-bold\" style=\"background-color: #ff0000; color: #ffffff;\" target=\"_blank\" href=\"#\" rel=\"noopener\">FOYER des Virtuellen Konferenz Centers<\/a><\/p>\n<p style=\"text-align: center;\"><span style=\"color: #ffffff;\">.<\/span><\/p>\n<p><a href=\"#\" target=\"_blank\" rel=\"noopener\"><img loading=\"lazy\" decoding=\"async\" class=\"lazyloaded aligncenter\" src=\"https:\/\/technik-netzwerk.de\/fileserver-zentrale\/online-fachtagung-de\/online-fachtagung-de-ebene1foyer600px.png\" alt=\"\" data-src=\"https:\/\/technik-netzwerk.de\/fileserver-zentrale\/online-fachtagung-de\/online-fachtagung-de-ebene1foyer600px.png\" width=\"600\" height=\"413\"><\/a><\/p>\n<p style=\"text-align: right;\"><span style=\"color: #ffffff;\">_<\/span><\/p>\n<p>Das <strong>FOYER<\/strong> ist der erste und wichtigste Anlaufpunkt f\u00fcr alle Tagungsteilnehmer &amp; Referenten.<\/p>\n<p>Hier begr\u00fc\u00dft Sie das Orga-Team im Tagungsb\u00fcro (unter Leitung von Frau Heyer) mit allen wichtigen Informationen zum Tagungsablauf.<\/p>\n<p>Falls Sie organisatorische Fragen haben, sind Sie hier genau richtig!<\/p>\n<p>&nbsp;<\/p>\n<p style=\"text-align: center;\"><span style=\"color: #ffffff;\">.<\/span><\/p>\n<p style=\"text-align: center;\"><a class=\"fasc-button fasc-size-xlarge fasc-type-glossy fasc-rounded-medium fasc-ico-before dashicons-format-chat fasc-style-bold\" style=\"background-color: #ff0000; color: #ffffff;\" target=\"_blank\" href=\"#\" rel=\"noopener\">FOYER des Virtuellen Konferenz Centers<\/a><\/p>\n<p style=\"text-align: center;\"><span style=\"color: #ffffff;\">.<\/span><\/p>\n<p>&nbsp;<\/p>\n<p>&nbsp;<\/p>\n<blockquote><p>&gt;&gt;&gt;&nbsp; <strong>Check-In<\/strong> (Rezeption \u2013 Registrierung f\u00fcr Tagungsteilnehmer, Referenten, Arbeitskreismitglieder und Sponsoren)<\/p><\/blockquote>\n<p>&nbsp;<\/p>\n<blockquote><p>&gt;&gt;&gt;&nbsp; <strong>Orga-Team<\/strong> (Tagungsb\u00fcro \u2013 hier k\u00f6nnen organisatorischen Fragen an die Tagungsmanagerin gestellt werden.)<\/p><\/blockquote>\n<p>&nbsp;<\/p>\n<blockquote><p>&gt;&gt;&gt;&nbsp; <strong>Come-Together<\/strong> (Foyer \u2013 informelles Kennenlernen, z. B. bei einer virtuellen Tasse Kaffee \u2013 oder Tee)<\/p><\/blockquote>\n<p style=\"text-align: right;\">.<\/p>\n<p style=\"text-align: right;\"><span style=\"color: #ffffff;\">.<\/span><\/p>\n<p style=\"text-align: center;\"><a class=\"fasc-button fasc-size-xlarge fasc-type-glossy fasc-rounded-medium fasc-ico-before dashicons-format-chat fasc-style-bold\" style=\"background-color: #ff0000; color: #ffffff;\" target=\"_blank\" href=\"#\" rel=\"noopener\">FOYER des Virtuellen Konferenz Centers<\/a><\/p>\n<p style=\"text-align: right;\"><span style=\"color: #ffffff;\">.<\/span><\/p>\n<p style=\"text-align: right;\"><span style=\"color: #ffffff;\">.<\/span><\/p>\n<hr>\n<p style=\"text-align: right;\"><span style=\"color: #ffffff;\">.<\/span><\/p>\n<p style=\"text-align: right;\"><span style=\"color: #ffffff;\">.<\/span><\/p>\n<p>&nbsp;<\/p>\n<p><em>Bei TECHNISCHEN PROBLEMEN mit dem Zugang zu den VIDEOKONFERENZR\u00c4UMEN nehmen Sie bitte DIREKTEN KONTAKT mit der Tagungsmanagerin, Frau Jenny HEYER auf:<\/em><\/p>\n<p>&nbsp;<\/p>\n<ul>\n<li>Telefonisch &gt;&gt;&gt; <strong>030 39720172<\/strong><\/li>\n<\/ul>\n<p>&nbsp;<\/p>\n<ul>\n<li>E-Mail &gt;&gt;&gt; <strong><a href=\"mailto:tagung@ifv-bahntechnik.de\">tagung@ifv-bahntechnik.de<\/a><\/strong><\/li>\n<\/ul>\n<p>&nbsp;<\/p>\n","protected":false},"excerpt":{"rendered":"<p>&nbsp; &nbsp; HERZLICH WILLKOMMEN IM FOYER des Virtuellen Konferenz-Centers (VKC): . FOYER des Virtuellen Konferenz Centers . _ Das FOYER ist der erste und wichtigste Anlaufpunkt f\u00fcr alle Tagungsteilnehmer &amp; Referenten. Hier begr\u00fc\u00dft Sie das Orga-Team im Tagungsb\u00fcro (unter Leitung von Frau Heyer) mit allen wichtigen Informationen zum Tagungsablauf. Falls Sie organisatorische Fragen haben, sind [&hellip;]<\/p>\n","protected":false},"author":1,"featured_media":0,"parent":0,"menu_order":0,"comment_status":"closed","ping_status":"closed","template":"","meta":{"footnotes":""},"class_list":["post-166","page","type-page","status-publish","hentry"],"_links":{"self":[{"href":"https:\/\/expertentagung.info\/virtuelles-konferenz-center\/wp-json\/wp\/v2\/pages\/166","targetHints":{"allow":["GET"]}}],"collection":[{"href":"https:\/\/expertentagung.info\/virtuelles-konferenz-center\/wp-json\/wp\/v2\/pages"}],"about":[{"href":"https:\/\/expertentagung.info\/virtuelles-konferenz-center\/wp-json\/wp\/v2\/types\/page"}],"author":[{"embeddable":true,"href":"https:\/\/expertentagung.info\/virtuelles-konferenz-center\/wp-json\/wp\/v2\/users\/1"}],"replies":[{"embeddable":true,"href":"https:\/\/expertentagung.info\/virtuelles-konferenz-center\/wp-json\/wp\/v2\/comments?post=166"}],"version-history":[{"count":11,"href":"https:\/\/expertentagung.info\/virtuelles-konferenz-center\/wp-json\/wp\/v2\/pages\/166\/revisions"}],"predecessor-version":[{"id":327,"href":"https:\/\/expertentagung.info\/virtuelles-konferenz-center\/wp-json\/wp\/v2\/pages\/166\/revisions\/327"}],"wp:attachment":[{"href":"https:\/\/expertentagung.info\/virtuelles-konferenz-center\/wp-json\/wp\/v2\/media?parent=166"}],"curies":[{"name":"wp","href":"https:\/\/api.w.org\/{rel}","templated":true}]}}

<div class="art-postheadericons art-metadata-icons" style="text-align: center;">&nbsp;</div>
<div class="art-postcontent clearfix">
<p style="text-align: center;"><a href="https://expertentagung.info/virtuelles-konferenz-center/fahrstuhl/"><img loading="lazy" decoding="async" class="alignnone" src="https://technik-netzwerk.de/fileserver-zentrale/www-virtuelles-konferenz-center-de/999-expertentagung-1200px.png" alt="" width="1200" height="163"></a></p>
<p style="text-align: center;"><a href="#" target="_blank" rel="noopener"><img loading="lazy" decoding="async" class="alignnone" src="https://technik-netzwerk.de/fileserver-zentrale/www-virtuelles-konferenz-center-de/1-etage-foyer-tagungsorganisation-1200px.png" alt="" width="1200" height="96"></a></p>
<p style="text-align: center;">&nbsp;</p>
</div>
<p style="text-align: center;"><strong>HERZLICH WILLKOMMEN IM FOYER des Virtuellen Konferenz-Centers (VKC):</strong></p>
<p style="text-align: center;"><span style="color: #ffffff;">.</span></p>
<p style="text-align: center;"><a class="fasc-button fasc-size-xlarge fasc-type-glossy fasc-rounded-medium fasc-ico-before dashicons-format-chat fasc-style-bold" style="background-color: #ff0000; color: #ffffff;" target="_blank" href="#" rel="noopener">FOYER des Virtuellen Konferenz Centers</a></p>
<p style="text-align: center;"><span style="color: #ffffff;">.</span></p>
<p><a href="#" target="_blank" rel="noopener"><img loading="lazy" decoding="async" class="lazyloaded aligncenter" src="https://technik-netzwerk.de/fileserver-zentrale/online-fachtagung-de/online-fachtagung-de-ebene1foyer600px.png" alt="" data-src="https://technik-netzwerk.de/fileserver-zentrale/online-fachtagung-de/online-fachtagung-de-ebene1foyer600px.png" width="600" height="413"></a></p>
<p style="text-align: right;"><span style="color: #ffffff;">_</span></p>
<p>Das <strong>FOYER</strong> ist der erste und wichtigste Anlaufpunkt für alle Tagungsteilnehmer &amp; Referenten.</p>
<p>Hier begrüßt Sie das Orga-Team im Tagungsbüro (unter Leitung von Frau Heyer) mit allen wichtigen Informationen zum Tagungsablauf.</p>
<p>Falls Sie organisatorische Fragen haben, sind Sie hier genau richtig!</p>
<p>&nbsp;</p>
<p style="text-align: center;"><span style="color: #ffffff;">.</span></p>
<p style="text-align: center;"><a class="fasc-button fasc-size-xlarge fasc-type-glossy fasc-rounded-medium fasc-ico-before dashicons-format-chat fasc-style-bold" style="background-color: #ff0000; color: #ffffff;" target="_blank" href="#" rel="noopener">FOYER des Virtuellen Konferenz Centers</a></p>
<p style="text-align: center;"><span style="color: #ffffff;">.</span></p>
<p>&nbsp;</p>
<p>&nbsp;</p>
<blockquote><p>&gt;&gt;&gt;&nbsp; <strong>Check-In</strong> (Rezeption – Registrierung für Tagungsteilnehmer, Referenten, Arbeitskreismitglieder und Sponsoren)</p></blockquote>
<p>&nbsp;</p>
<blockquote><p>&gt;&gt;&gt;&nbsp; <strong>Orga-Team</strong> (Tagungsbüro – hier können organisatorischen Fragen an die Tagungsmanagerin gestellt werden.)</p></blockquote>
<p>&nbsp;</p>
<blockquote><p>&gt;&gt;&gt;&nbsp; <strong>Come-Together</strong> (Foyer – informelles Kennenlernen, z. B. bei einer virtuellen Tasse Kaffee – oder Tee)</p></blockquote>
<p style="text-align: right;">.</p>
<p style="text-align: right;"><span style="color: #ffffff;">.</span></p>
<p style="text-align: center;"><a class="fasc-button fasc-size-xlarge fasc-type-glossy fasc-rounded-medium fasc-ico-before dashicons-format-chat fasc-style-bold" style="background-color: #ff0000; color: #ffffff;" target="_blank" href="#" rel="noopener">FOYER des Virtuellen Konferenz Centers</a></p>
<p style="text-align: right;"><span style="color: #ffffff;">.</span></p>
<p style="text-align: right;"><span style="color: #ffffff;">.</span></p>
<hr>
<p style="text-align: right;"><span style="color: #ffffff;">.</span></p>
<p style="text-align: right;"><span style="color: #ffffff;">.</span></p>
<p>&nbsp;</p>
<p><em>Bei TECHNISCHEN PROBLEMEN mit dem Zugang zu den VIDEOKONFERENZRÄUMEN nehmen Sie bitte DIREKTEN KONTAKT mit der Tagungsmanagerin, Frau Jenny HEYER auf:</em></p>
<p>&nbsp;</p>
<ul>
<li>Telefonisch &gt;&gt;&gt; <strong>030 39720172</strong></li>
</ul>
<p>&nbsp;</p>
<ul>
<li>E-Mail &gt;&gt;&gt; <strong><a href="mailto:tagung@ifv-bahntechnik.de">tagung@ifv-bahntechnik.de</a></strong></li>
</ul>
<p>&nbsp;</p>

<p>&nbsp; &nbsp; HERZLICH WILLKOMMEN IM FOYER des Virtuellen Konferenz-Centers (VKC): . FOYER des Virtuellen Konferenz Centers . _ Das FOYER ist der erste und wichtigste Anlaufpunkt für alle Tagungsteilnehmer &amp; Referenten. Hier begrüßt Sie das Orga-Team im Tagungsbüro (unter Leitung von Frau Heyer) mit allen wichtigen Informationen zum Tagungsablauf. Falls Sie organisatorische Fragen haben, sind [&hellip;]</p>
