{"id":138,"date":"2021-12-14T04:14:47","date_gmt":"2021-12-14T03:14:47","guid":{"rendered":"https:\/\/expertentagung.info\/virtuelles-konferenz-center\/?page_id=138"},"modified":"2021-12-15T04:49:34","modified_gmt":"2021-12-15T03:49:34","slug":"technik-test","status":"publish","type":"page","link":"https:\/\/expertentagung.info\/virtuelles-konferenz-center\/technik-test\/","title":{"rendered":"TECHNIK-TEST"},"content":{"rendered":"<p style=\"text-align: right;\"><span style=\"color: #ffffff;\">T.<\/span><\/p>\n<p><strong>Technik-Test f\u00fcr Teilnehmer und Referenten<\/strong><\/p>\n<p>&nbsp;<\/p>\n<p>&nbsp;<\/p>\n<blockquote><p>1. Prim\u00e4r-TEST<\/p>\n<p>&gt;&gt;&gt; Test f\u00fcr den Versammlungsraum &#8222;BIG BLUE BUTTON&#8220; &#8211; wird f\u00fcr den Plenarsaal &amp; Fachvortr\u00e4ge verwendet<\/p>\n<p>&gt;&gt;&gt; <a class=\"fasc-button fasc-size-medium fasc-type-flat fasc-ico-before dashicons-migrate fasc-style-bold\" style=\"background-color: #35339e; color: #ffffff;\" target=\"_blank\" rel=\"noopener\" href=\"https:\/\/bbb.online-videokonferenz.de\/b\/red-ljg-zyj-l7d\">https:\/\/bbb.online-videokonferenz.de\/b\/red-ljg-zyj-l7d<\/a><\/p>\n<p>(Geben Sie beim Login Ihren NAMEN, Vornamen (Firma) an, mit dem Sie im Videokonferenzraum angesprochen werden m\u00f6chten. Z.B. M\u00dcLLER, Peter (Firma). Anonyme Teilnehmer bzw. Fantasienamen (cyber99) k\u00f6nnen nicht teilnehmen.<\/p><\/blockquote>\n<p>&nbsp;<\/p>\n<blockquote><p>2. Sekund\u00e4r-TEST<\/p>\n<p>&gt;&gt;&gt; Test f\u00fcr den Videokonferenzraum &#8222;JITSI&#8220; &#8211; wird f\u00fcr die Networking-Lounge &amp; Foyer verwendet<\/p>\n<p>&gt;&gt;&gt; <a class=\"fasc-button fasc-size-medium fasc-type-flat fasc-ico-before dashicons-migrate fasc-style-bold\" style=\"background-color: #ff0000; color: #ffffff;\" target=\"_blank\" rel=\"noopener\" href=\"https:\/\/start.online-konferenzraum.de\/technik-test\">https:\/\/start.online-konferenzraum.de\/technik-test<\/a><\/p><\/blockquote>\n<p>&nbsp;<\/p>\n<blockquote><p>3. TEST \/\/\/ Selfservice<\/p>\n<p>&gt;&gt;&gt; Troubleshooting-Test f\u00fcr Videokonferenzen zur \u00dcberpr\u00fcfung der Kompatibilit\u00e4t mit dem modernen technischen Standard f\u00fcr Internet-Konferenzen (WEBRCT)<\/p>\n<p>&gt;&gt;&gt; <a class=\"fasc-button fasc-size-medium fasc-type-flat fasc-ico-before dashicons-migrate fasc-style-bold\" style=\"background-color: #09b00c; color: #ffffff;\" target=\"_blank\" rel=\"noopener\" href=\"https:\/\/test.webrtc.org\/\">https:\/\/test.webrtc.org\/<\/a><\/p>\n<p>&gt;&gt;&gt; Selfservice &#8211; Tutorial zur Probleml\u00f6sung &gt;&gt;&gt; <a href=\"https:\/\/www.elearning-politik.net\/moodle39\/course\/view.php?id=560#section-3\"><span style=\"text-decoration: underline;\"><strong>https:\/\/www.elearning-politik.net\/moodle39\/course\/view.php?id=560#section-3<\/strong><\/span><\/a><\/p><\/blockquote>\n<p style=\"text-align: right;\">.<\/p>\n<p style=\"text-align: center;\">&nbsp;<\/p>\n<p style=\"text-align: right;\">.<\/p>\n<blockquote>\n<ul>\n<li><strong>Falls der Zugang zur Videokonferenz nicht funktionieren sollte, rufen Sie direkt in der Vereinsgesch\u00e4ftsstelle an &#8211; WIR HELFEN IHNEN GERNE WEITER !<\/strong><\/li>\n<li><span style=\"font-size: 18pt;\">Telefon 030 39720170 (Frau Heyer)<br \/>\n<\/span><\/li>\n<\/ul>\n<\/blockquote>\n<p>&nbsp;<\/p>\n<h3>L\u00d6SUNGEN f\u00fcr Technik-Probleme:<\/h3>\n<p>Nach \u00fcber einem Jahr im Virtuellen-Konferenz-Center haben wir folgende Erfahrungswerte gesammelt:<\/p>\n<p>&nbsp;<\/p>\n<h4>I. 90 % der Technik-Probleme k\u00f6nnen schnell gel\u00f6st werden.<\/h4>\n<p style=\"padding-left: 40px;\">H\u00e4ufigstes Problem: Die Kamera (bzw. das Mikrofon) sind von Microsoft Teams (TM) oder ZOOM (TM) gefangen.<\/p>\n<p style=\"padding-left: 40px;\"><strong>L\u00f6sung: Beenden Sie TEAMS oder ZOOM und geben Sie die Audio-\/Video-Ressourcen f\u00fcr Ihren Internetbrowser frei.<\/strong><\/p>\n<p style=\"padding-left: 40px;\">* Internet-Browser: Firefox, Edge, Chrome, Opera, Safari funktionieren mit dem WEBCTC-Standard<\/p>\n<p>&nbsp;<\/p>\n<h4>II. 9 % der Technik-Probleme liegen an einer Firewall und k\u00f6nnen auf zwei verschiedenen Wegen gel\u00f6st werden:<\/h4>\n<p style=\"padding-left: 40px;\"><strong>L\u00f6sung (a) Fragen Sie bei der IT-Abteilung, ob \u00c4nderungen bei der Firewall<\/strong> bzw. im VPN-System vorgenommen werden k\u00f6nnen.<\/p>\n<p style=\"padding-left: 40px;\"><strong>L\u00f6sung (b) Verwenden Sie einen anderen Computer bzw. ein Tablet oder Smartphone,<\/strong> welches \u00fcber einen anderen Internet-Zugang verf\u00fcgt. Das Firewall-Problem besteht meistens solange, wie man sich innerhalb von sehr restriktiv eingestellten Computer-Netzwerken befindet. In offenen Systemen (Home-Office, Internet-Anbindung in einer DB Lounge, WiFi on ICE oder gar Internet-Cafe) gibt es diese firmeninternen Restriktionen nicht und pl\u00f6tzlich funktioniert das Ganze.<\/p>\n<p>&nbsp;<\/p>\n<h4>III. Nur ca. 1 % der Technik-Probleme ist &#8222;undefinierbar&#8220; &#8211; und kann weder schnell noch einfach gel\u00f6st werden.<\/h4>\n<p style=\"padding-left: 40px;\">Im Zweifelsfall empfehlen wir einen Wechsel auf einen anderen Computer bzw. einen anderen Internetzugang.<\/p>\n<p style=\"padding-left: 40px;\">Das vom IFV genutzte Video-Konferenz-System von Technik-Netzwerk.de funktioniert &#8222;einwandfrei&#8220;; wird von einem hochleistungsf\u00e4higen Serverstandort in DEUTSCHLAND aus betrieben; erf\u00fcllt h\u00f6chste Sicherheitsstandards (SSL-Verschl\u00fcsselung; Ende-zu-Ende-Verschl\u00fcsselung) und ist auf gr\u00f6\u00dftm\u00f6gliche Datenschutzfreundlichkeit ausgerichtet.<\/p>\n<p>&nbsp;<\/p>\n<ul>\n<li>Das VIRTUELLE-KONFERENZ-CENTER funktoniert in jedem modernen Internet-Browser.<\/li>\n<li>Keine Anmeldung \u00fcber eine Internet-Plattform erforderlich<\/li>\n<li>Keine Extra-Software muss installiert werden<\/li>\n<\/ul>\n<p>&nbsp;<\/p>\n","protected":false},"excerpt":{"rendered":"<p>T. Technik-Test f\u00fcr Teilnehmer und Referenten &nbsp; &nbsp; 1. Prim\u00e4r-TEST &gt;&gt;&gt; Test f\u00fcr den Versammlungsraum &#8222;BIG BLUE BUTTON&#8220; &#8211; wird f\u00fcr den Plenarsaal &amp; Fachvortr\u00e4ge verwendet &gt;&gt;&gt; https:\/\/bbb.online-videokonferenz.de\/b\/red-ljg-zyj-l7d (Geben Sie beim Login Ihren NAMEN, Vornamen (Firma) an, mit dem Sie im Videokonferenzraum angesprochen werden m\u00f6chten. Z.B. M\u00dcLLER, Peter (Firma). Anonyme Teilnehmer bzw. Fantasienamen (cyber99) k\u00f6nnen [&hellip;]<\/p>\n","protected":false},"author":1,"featured_media":0,"parent":0,"menu_order":0,"comment_status":"closed","ping_status":"closed","template":"","meta":{"footnotes":""},"class_list":["post-138","page","type-page","status-publish","hentry"],"_links":{"self":[{"href":"https:\/\/expertentagung.info\/virtuelles-konferenz-center\/wp-json\/wp\/v2\/pages\/138","targetHints":{"allow":["GET"]}}],"collection":[{"href":"https:\/\/expertentagung.info\/virtuelles-konferenz-center\/wp-json\/wp\/v2\/pages"}],"about":[{"href":"https:\/\/expertentagung.info\/virtuelles-konferenz-center\/wp-json\/wp\/v2\/types\/page"}],"author":[{"embeddable":true,"href":"https:\/\/expertentagung.info\/virtuelles-konferenz-center\/wp-json\/wp\/v2\/users\/1"}],"replies":[{"embeddable":true,"href":"https:\/\/expertentagung.info\/virtuelles-konferenz-center\/wp-json\/wp\/v2\/comments?post=138"}],"version-history":[{"count":3,"href":"https:\/\/expertentagung.info\/virtuelles-konferenz-center\/wp-json\/wp\/v2\/pages\/138\/revisions"}],"predecessor-version":[{"id":310,"href":"https:\/\/expertentagung.info\/virtuelles-konferenz-center\/wp-json\/wp\/v2\/pages\/138\/revisions\/310"}],"wp:attachment":[{"href":"https:\/\/expertentagung.info\/virtuelles-konferenz-center\/wp-json\/wp\/v2\/media?parent=138"}],"curies":[{"name":"wp","href":"https:\/\/api.w.org\/{rel}","templated":true}]}}