{"id":24,"date":"2021-09-10T09:46:22","date_gmt":"2021-09-10T07:46:22","guid":{"rendered":"https:\/\/expertentagung.info\/digital-rail\/?page_id=24"},"modified":"2023-02-07T11:34:17","modified_gmt":"2023-02-07T10:34:17","slug":"fachprogramm","status":"publish","type":"page","link":"https:\/\/expertentagung.info\/digital-rail-2023\/fachprogramm\/","title":{"rendered":"Fachprogramm"},"content":{"rendered":"<p><img loading=\"lazy\" decoding=\"async\" class=\"aligncenter\" src=\"https:\/\/bahnverband.info\/fileserver\/bahnverband-tagung\/2023-digital-rail\/digital-rail-2023-tagungslogo-800px.png\" width=\"299\" height=\"260\"><\/p>\n<p>&nbsp;<\/p>\n<p><strong><a class=\"fasc-button fasc-size-large fasc-type-popout fasc-style-bold\" style=\"background-color: #ff0000; color: #ffffff;\">Die Tagungsmodule der 7. Expertentagung 2023:<\/a><br \/>\n<\/strong><\/p>\n<ul>\n<li><strong>Praxis der Bahn-Digitalisierung:<\/strong> Hardware, Software, Schnittstellen, Sensortechnik, Daten-Analytics, IT-Services<\/li>\n<li><strong>Prozess der digitalen Migration: <\/strong>Der Migrationspfad von Bahn 0.4 nach Bahn 4.0<\/li>\n<li><strong>Sicherheitsaspekte in der Bahn-Informationstechnik:<\/strong> Cybersecurity (vs. konventionelle Risiken)<\/li>\n<li><strong>Anforderungen der Auftraggeber an Digitalisierungsprojekte: <\/strong>Herausforderungen f\u00fcr Hersteller (Schienenfahrzeuge und Bahn-Infrastruktur) sowie Dienstleistungsunternehmen im Bahn- bzw. Verkehrssektor (Einsatzm\u00f6glichkeiten von Rail Data Science)<\/li>\n<li><strong>State of the art und Erfolgsfaktoren der Bahn-Digitalisierung:<\/strong> Case studies und daraus abgeleitete \u201elessons learnt\u201c<\/li>\n<\/ul>\n<p style=\"text-align: center;\"><span style=\"color: #ffffff;\">.<\/span><\/p>\n<hr>\n<p style=\"text-align: right;\"><span style=\"color: #ffffff;\">.<\/span><\/p>\n<div data-post-id=\"69\" class=\"insert-page insert-page-69 \"><h2 style=\"text-align: left;\">Fachprogramm am Mittwoch, 03.05.2023<\/h2>\n<p>&nbsp;<\/p>\n<p><strong>08:00 \u2013 09:25 Uhr<\/strong><\/p>\n<p><strong>Check-In \/ Begr\u00fc\u00dfungskaffee <\/strong><\/p>\n<p>&nbsp;<\/p>\n<blockquote><p><span style=\"background-color: #ff0000; color: #ffffff;\"><strong>DIGITAL-RAIL 2023: Begr\u00fc\u00dfung durch den BAHNVERBAND e.V.<\/strong><\/span><\/p>\n<p>Thematische Einf\u00fchrung zur 7. Expertentagung DIGITAL-RAIL 2023:<\/p>\n<p>Was w\u00fcrde ChatGPT zum Thema Bahn-Digitalisierung und Automatisierung sagen?<\/p>\n<p>&gt;&gt; Dipl.-Volkswirt Eckhard <strong><u>SCHULZ<\/u><\/strong> &#8211; Verbandsgesch\u00e4ftsf\u00fchrer &#8211; [BAHNVERBAND e.V.; Berlin]<\/p><\/blockquote>\n<p>&nbsp;<\/p>\n<p>&nbsp;<\/p>\n<blockquote><p><span style=\"color: #ffffff; background-color: #ff0000;\"><strong>DIGITAL-RAIL 2023: Gru\u00dfworte des Kooperationspartners DB Systemtechnik GmbH<\/strong><\/span><\/p>\n<p>Gru\u00dfworte zur 7. Expertentagung DIGITAL-RAIL 2023 &#8211; Business Lines von DB Systemtechnik<\/p>\n<p>&gt;&gt; Dipl.-Ing. Nils <strong><u>DUBE<\/u><\/strong> &#8211; Leiter Business Line Engineering (TT.TVE) &#8211; [DB Systemtechnik GmbH; M\u00fcnchen]<\/p>\n<p>&gt;&gt; Dipl.-Ing. Christoph <strong><u>KIRSCHINGER<\/u><\/strong> &#8211; Gesch\u00e4ftsf\u00fchrer Vertrieb &#8211; [DB Systemtechnik GmbH; M\u00fcnchen et al.]<\/p><\/blockquote>\n<p>&nbsp;<\/p>\n<p>&nbsp;<\/p>\n<blockquote><p><span style=\"color: #ffffff; background-color: #ff0000;\"><strong>Die Entwicklung der Digitalisierung von Eisenbahnen in Deutschland<\/strong><\/span><\/p>\n<p>Keynote mit aktuellen Informationen aus dem BMDV: \u201eBericht aus Bonn\u201c<\/p>\n<p>&gt;&gt; TRDir Dipl.-Ing. Mattias <strong><u>POTRAFKE<\/u> <\/strong>&#8211; Leiter des Referates E 15 (Digitalisierung Eisenbahnen) &#8211; [Bundesministerium f\u00fcr Digitales und Verkehr (BMDV); Bonn]<\/p><\/blockquote>\n<p>&nbsp;<\/p>\n<p>&nbsp;<\/p>\n<p><strong>Networking-Kaffeepause \/ Tagungsbegleitende Fachausstellung<\/strong><\/p>\n<p>&nbsp;<\/p>\n<p>&nbsp;<\/p>\n<blockquote><p><span style=\"color: #ffffff; background-color: #ff0000;\"><strong>Bahnrobotik <\/strong><\/span><\/p>\n<p>Bahnrobotik bei DB Systemtechnik GmbH &#8211; TVD (Digitale Produkte und Services)<\/p>\n<p>&gt;&gt; Dr. Markus <strong><u>K\u00dcHNE<\/u><\/strong> &#8211; Teamkoordinator IoT &amp; Automation &#8211; [DB Systemtechnik GmbH; Frankfurt\/Main]<\/p><\/blockquote>\n<p>&nbsp;<\/p>\n<p>&nbsp;<\/p>\n<blockquote><p><span style=\"background-color: #ff0000;\"><strong><span style=\"color: #ffffff;\">Hochgenaue Zuglokalisierung<\/span><\/strong><\/span><\/p>\n<p>Schl\u00fcsseltechnologie f\u00fcr das Infrastrukturmonitoring sowie den digitalen Bahnbetrieb<\/p>\n<p>&gt;&gt; Dr. rer. nat. Robert <strong><u>HEINRICH<\/u><\/strong> &#8211; Referent Strategische Messtechnikentwicklung \/ Fahrzeugseitiges Infrastrukturmonitoring; TVP (Pr\u00fcfdienstleistungen) &#8211; [DB Systemtechnik GmbH; M\u00fcnchen]<\/p>\n<p>&gt;&gt; Dr.-Ing. Patrick <strong>HENKEL<\/strong> &#8211; Gesch\u00e4ftsf\u00fchrer &#8211; [ANavS GmbH; M\u00fcnchen]<\/p><\/blockquote>\n<p>&nbsp;<\/p>\n<p style=\"text-align: left;\"><strong>\u009e<\/strong><\/p>\n<p style=\"text-align: left;\"><strong>Mittagspause \/ Tagungsbegleitende Fachausstellung<\/strong><\/p>\n<p>&nbsp;<\/p>\n<p>&nbsp;<\/p>\n<blockquote><p><span style=\"color: #ffffff; background-color: #ff0000;\"><strong>Schnittstelle von Lok und Reisezugwagen<\/strong><\/span><\/p>\n<p>SLR2020-Schnittstelle: Grundlegende Normen, Kommunikationsarchitektur, Test von Fahrzeugfunktionen<\/p>\n<p>&gt;&gt; Norbert <strong><u>GUTKNECHT<\/u><\/strong> &#8211; Informationstechnik (TT.TVE 42) &#8211; [DB Systemtechnik GmbH; M\u00fcnchen]<\/p><\/blockquote>\n<p>&nbsp;<\/p>\n<p>&nbsp;<\/p>\n<blockquote><p><span style=\"background-color: #ff0000;\"><strong><span style=\"color: #ffffff;\">ZfP 4.0<\/span><\/strong><\/span><\/p>\n<p>Zerst\u00f6rungsfreie Pr\u00fcfung UPDATED &#8211; Die ZfP im Zeichen der Digitalisierung<\/p>\n<p>&gt;&gt; Dr. Eric <strong><u>WILD<\/u><\/strong> &#8211; Fachreferent f\u00fcr mechanisierte Pr\u00fcfsysteme f\u00fcr Radsatzwellen mit L\u00e4ngsbohrung (TT.TVI &#8211; Instandhaltung) &#8211; [DB Systemtechnik GmbH; Brandenburg-Kirchm\u00f6ser] &#8211; et. al.<\/p><\/blockquote>\n<p>&nbsp;<\/p>\n<p>&nbsp;<\/p>\n<p><strong>Networking-Kaffeepause \/ Tagungsbegleitende Fachausstellung<br \/>\n<\/strong><\/p>\n<p>&nbsp;<\/p>\n<p>&nbsp;<\/p>\n<blockquote><p><span style=\"background-color: #ff0000;\"><strong><span style=\"color: #ffffff;\">Radverschlei\u00dfprognose am Beispiel der Baureihe 423<\/span><\/strong><\/span><\/p>\n<p>Voraussetzungen, Strategie und Umsetzung eines Digitalen Zwillings f\u00fcr die Radverschlei\u00dfprognose<\/p>\n<p>&gt;&gt; Dipl.-Ing. Martin <strong><u>RUSCHER<\/u><\/strong> &#8211; Wissenschaftlicher Mitarbeiter an der Professur f\u00fcr Elektrische Bahnen &#8211; [Technische Universit\u00e4t Dresden]<\/p>\n<p>&gt;&gt; Dipl.-Ing. Sebastian <strong>WILBRECHT<\/strong> &#8211; Gesch\u00e4ftsf\u00fchrender Gesellschafter &#8211; [Pioneta GmbH; Dresden]<\/p><\/blockquote>\n<p>&nbsp;<\/p>\n<p>&nbsp;<\/p>\n<blockquote><p><span style=\"color: #ffffff; background-color: #ff0000;\"><strong>Digitales Abbild moderner Hochgeschwindigkeitsz\u00fcge<\/strong><\/span><\/p>\n<p>Systematische Auswertung der Diagnosedaten einer kompletten Baureihe<\/p>\n<p>&gt;&gt; Dr. Helmut <strong><u>M\u00d6LLER<\/u><\/strong> &#8211; Leiter des Kompetenzzentrums Komponenten und Funktionen &#8211; [DB Systemtechnik GmbH; M\u00fcnchen]<\/p><\/blockquote>\n<p>&nbsp;<\/p>\n<p>&nbsp;<\/p>\n<blockquote><p><span style=\"background-color: #ff0000;\"><strong><span style=\"color: #ffffff;\">Bahn-Digitalisierung.INFO\u00a0 &#8211;\u00a0 How smart is \u201eSmart Mobility\u201c?<\/span> <\/strong><\/span><\/p>\n<p>Vorstellung der NEUEN Netzwerk-Gruppe(n) f\u00fcr Fach- und F\u00fchrungskr\u00e4fte<\/p>\n<p>&gt;&gt; Dipl.-Volkswirt Eckhard <strong><u>SCHULZ<\/u><\/strong> &#8211; Leading Consultant \/ Certified-Consultant.com &#8211;\u00a0 [Institut f\u00fcr Verb\u00e4ndeberatung; IFV Beratung und Service GmbH; Gau-Bischofsheim \/ Mainz]<\/p><\/blockquote>\n<p>&nbsp;<\/p>\n<p>&nbsp;<\/p>\n<p><strong>17:15 Uhr<\/strong><\/p>\n<p><strong>Ende<br \/>\n<\/strong><\/p>\n<p>&nbsp;<\/p>\n<p><strong>19:00 &#8211; 22:00 Uhr <\/strong><\/p>\n<p><strong>Networking-Event <\/strong><\/p>\n<blockquote><p><span style=\"color: #ffffff; background-color: #ff0000;\"><strong>VISITENKARTEN-ABEND in einem Spezialit\u00e4tenrestaurant in M\u00fcnchen<\/strong><\/span><\/p>\n<p>&gt;&gt; f\u00fcr alle Referenten, Tagungsteilnehmer und Aussteller<\/p><\/blockquote>\n<p>&nbsp;<\/p>\n<\/div>\n<p>&nbsp;<\/p>\n<p style=\"text-align: right;\"><span style=\"color: #ffffff;\">.<\/span><\/p>\n<hr>\n<p style=\"text-align: right;\"><span style=\"color: #ffffff;\">.<\/span><\/p>\n<p>&nbsp;<\/p>\n<div data-post-id=\"65\" class=\"insert-page insert-page-65 \"><h2>Fachprogramm am Donnerstag, 04.05.2023<\/h2>\n<p>&nbsp;<\/p>\n<p><strong>08:00 &#8211; 08:55 Uhr<\/strong><\/p>\n<p><strong>Come-Together \/ Begr\u00fc\u00dfungskaffee<br \/>\n<\/strong><\/p>\n<p><strong>\u00a0\u00a0\u00a0\u00a0\u00a0\u00a0\u00a0\u00a0\u00a0\u00a0\u00a0 <\/strong><\/p>\n<blockquote><p><span style=\"background-color: #ff0000;\"><strong><span style=\"color: #ffffff;\">Zukunftsrelevante Herausforderungen der Bahn-Digitalisierung:<\/span> <\/strong><\/span><\/p>\n<p><span style=\"color: #ff0000;\">Technische, wirtschaftliche und rechtliche Aspekte der Bahn-Digitalisierung<\/span><\/p>\n<p>&gt;&gt; Dipl.-Volkswirt Eckhard <strong><u>SCHULZ<\/u><\/strong> &#8211; [Arbeitskreis Bahn-Digitalisierung; Berlin]<\/p><\/blockquote>\n<p>&nbsp;<\/p>\n<p>&nbsp;<\/p>\n<blockquote><p><span style=\"background-color: #ff0000;\"><strong><span style=\"color: #ffffff;\">App-basierte Komponentenanalyse im Inneren von Schienenfahrzeugen:<\/span> <\/strong><\/span><\/p>\n<p><span style=\"color: #ff0000;\">App-basierte akustische Komponentenanalyse in Schienenfahrzeugen mittels Standard Smartphone<\/span><\/p>\n<p>&gt;&gt; Dipl.-Ing. Andreas <span style=\"text-decoration: underline;\">FALK<\/span> &#8211; Kompetenzzentrum Komponenten und Funktionen (TT.TVE 3) &#8211; [DB Systemtechnik GmbH; M\u00fcnchen]<\/p><\/blockquote>\n<p>&nbsp;<\/p>\n<p><strong>Networking-Kaffeepause \/ Tagungsbegleitende Fachausstellung<\/strong><\/p>\n<p>&nbsp;<\/p>\n<blockquote><p><span style=\"background-color: #ff0000;\"><strong><span style=\"color: #ffffff;\">Ganzheitliches Radsatzmanagement: Von der Messung bis zur Bedarfsprognose<\/span> <\/strong><\/span><\/p>\n<p><span style=\"color: #ff0000;\">Standardanalyseprozess (CRISP-DM); Deskriptive &amp; Diagnostische Analysen sowie Prognostische Analysen &amp; Simulationen<\/span><\/p>\n<p>&gt;&gt;\u00a0 Dr. mont. Robin <span style=\"text-decoration: underline;\"><strong>K\u00dcHNAST-BENEDIKT<\/strong><\/span> &#8211; Abteilungsleiter Produktmanagement &#8211; [BOOM Software AG; Leibnitz (\u00d6sterreich)]<\/p><\/blockquote>\n<p>&nbsp;<\/p>\n<blockquote><p><span style=\"color: #ffffff; background-color: #ff0000;\"><strong>Machine Learning Operations (MLOps) f\u00fcr die Entwicklung von Machine Learning Modellen in der Bahntechnik: How to deploy machine learning for railway development<\/strong><\/span><\/p>\n<p><span style=\"color: #ff0000;\">Was genau sind MLOps; grundlegende Konzepte und Erkl\u00e4rbarkeit von Machine Learning Modellen sowie ein Anwendungsbeispiel zur automatisierten und effizienten Modelltraining aus der Bahnbranche<\/span><\/p>\n<p>&gt;&gt; Lennart <strong><u>WILLMS<\/u><\/strong> &#8211; Fachexperte &amp; Business Development Smart Maintenance Rail &#8211; [ITK\u00a0 Engineering GmbH; R\u00fclzheim et al.]<\/p><\/blockquote>\n<p>&nbsp;<\/p>\n<p>&nbsp;<\/p>\n<p><strong>Mittagspause \/ Tagungsbegleitende Fachausstellung<\/strong><\/p>\n<p>&nbsp;<\/p>\n<p>&nbsp;<\/p>\n<blockquote><p><span style=\"background-color: #ff0000;\"><strong><span style=\"color: #ffffff;\">Cybersecurity im Safety-Kontext &#8211; Trugschl\u00fcsse und L\u00f6sungsans\u00e4tze:<\/span> <\/strong><\/span><\/p>\n<p><span style=\"color: #ff0000;\">Zusammenh\u00e4nge und Wechselwirkungen zwischen Cybersecurity und funktionaler Sicherheit im Bahnumfeld; konkrete Vorgehensweisen und Ma\u00dfnahmen, um Security-Anforderungen zu erf\u00fcllen und dabei die Safety zu st\u00e4rken.<\/span><\/p>\n<p>&gt;&gt; Dipl. Informatiker Udo <strong><u>NEITZEL<\/u><\/strong> &#8211; Security Engineer Mobility &#8211; [ITK Engineering GmbH; \u00a0\u00a0\u00a0 R\u00fclzheim et al.]<\/p>\n<p>&gt;&gt; David <strong>SEIDER<\/strong> &#8211; [ITK Engineering GmbH; R\u00fclzheim et al.]<\/p><\/blockquote>\n<p>&nbsp;<\/p>\n<p>&nbsp;<\/p>\n<blockquote><p><span style=\"color: #ffffff; background-color: #ff0000;\"><strong>Cybersecurity im Bahnbereich: Rollen und Aufgaben zur Bereitstellung und Bewahrung der Cybersicherheit<\/strong><\/span><\/p>\n<p><span style=\"color: #ff0000;\">IC 62443, IT-Sicherheit, Cybersecurity, ETCS, Lebenszyklus<\/span><\/p>\n<p>&gt;&gt; Dr. Kai <strong><u>BORGWARTH<\/u><\/strong> &#8211; Leiter Marketing &amp; Vertrieb &#8211; [embeX GmbH; Transportation &amp; Mobile Automation; Freiburg\/Breisgau]<\/p><\/blockquote>\n<p>&nbsp;<\/p>\n<p>&nbsp;<\/p>\n<p style=\"text-align: left;\"><strong>Networking-Kaffeepause \/ Tagungsbegleitende Fachausstellung<br \/>\n<\/strong><\/p>\n<p>&nbsp;<\/p>\n<p>&nbsp;<\/p>\n<blockquote><p><span style=\"color: #ffffff; background-color: #ff0000;\"><strong>Digitalisierung sicher gestalten<br \/>\n<\/strong><\/span><\/p>\n<p><span style=\"color: #ff0000;\">Garant f\u00fcr die Zukunftsf\u00e4higkeit des Schienenverkehrs <\/span><\/p>\n<p><span style=\"color: #ff0000;\">(Ergebnisse der Cybersecurity-Studie zusammen mit DZSF)<br \/>\n<\/span><\/p>\n<p>&gt;&gt; <strong><u>Dr. Willfried WIENHOLT<\/u><\/strong> &#8211; Ressortleiter InfoKom &#8211;\u00a0 [IABG; Industrieanlagen-Betriebsgesellschaft mbH; Ottobrunn]<\/p><\/blockquote>\n<p>&nbsp;<\/p>\n<p>&nbsp;<\/p>\n<blockquote><p><span style=\"background-color: #ff0000;\"><strong><span style=\"color: #ffffff;\">DIGITAL-RAIL.com 2010 &#8211; 2023 sowie Ausblick auf 2024 &#8211; 2025:<\/span> <\/strong><\/span><\/p>\n<p><span style=\"color: #ff0000;\">Bewertung des status quo der Bahn-Digitalisierung und Prognosen zur Bahn-Automatisierung<\/span><\/p>\n<p>&gt;&gt; Dipl.-Volkswirt Eckhard <strong><u>SCHULZ<\/u><\/strong> &#8211; Verbandsgesch\u00e4ftsf\u00fchrer &#8211; [BAHNVERBAND e.V. &#8211; Gesch\u00e4ftsbereich IFV BAHNTECHNIK sowie Arbeitskreis Bahn-Digitalsierung; Berlin]<\/p><\/blockquote>\n<p>&nbsp;<\/p>\n<p>&nbsp;<\/p>\n<p><strong>ca. 16:00 Uhr<\/strong><\/p>\n<p><strong>Ende<\/strong><\/p>\n<p>&nbsp;<\/p>\n<\/div>\n<p>&nbsp;<\/p>\n<hr>\n<p style=\"text-align: center;\"><span style=\"color: #ffffff;\">.<\/span><\/p>\n<p>Bei Fragen zum Fachprogramm &gt;&gt;&gt; <span style=\"text-decoration: underline;\"><strong><a href=\"https:\/\/expertentagung.info\/digital-rail\/kontakt\/\">Orga-Team<\/a><\/strong><\/span>.<\/p>\n<p>Bei Interesse an einem SPONSORING-PAKET f\u00fcr die tagungsbegleitende Fachausstellung &gt;&gt;&gt; <span style=\"text-decoration: underline;\"><strong><a href=\"https:\/\/expertentagung.info\/digital-rail\/kontakt\/\">Orga-Team<\/a><\/strong><\/span>.<\/p>\n<p>&nbsp;<\/p>\n","protected":false},"excerpt":{"rendered":"<p>&nbsp; Die Tagungsmodule der 7. Expertentagung 2023: Praxis der Bahn-Digitalisierung: Hardware, Software, Schnittstellen, Sensortechnik, Daten-Analytics, IT-Services Prozess der digitalen Migration: Der Migrationspfad von Bahn 0.4 nach Bahn 4.0 Sicherheitsaspekte in der Bahn-Informationstechnik: Cybersecurity (vs. konventionelle Risiken) Anforderungen der Auftraggeber an Digitalisierungsprojekte: Herausforderungen f\u00fcr Hersteller (Schienenfahrzeuge und Bahn-Infrastruktur) sowie Dienstleistungsunternehmen im Bahn- bzw. Verkehrssektor (Einsatzm\u00f6glichkeiten von [&hellip;]<\/p>\n","protected":false},"author":1,"featured_media":0,"parent":0,"menu_order":0,"comment_status":"closed","ping_status":"closed","template":"","meta":{"footnotes":""},"class_list":["post-24","page","type-page","status-publish","hentry"],"_links":{"self":[{"href":"https:\/\/expertentagung.info\/digital-rail-2023\/wp-json\/wp\/v2\/pages\/24","targetHints":{"allow":["GET"]}}],"collection":[{"href":"https:\/\/expertentagung.info\/digital-rail-2023\/wp-json\/wp\/v2\/pages"}],"about":[{"href":"https:\/\/expertentagung.info\/digital-rail-2023\/wp-json\/wp\/v2\/types\/page"}],"author":[{"embeddable":true,"href":"https:\/\/expertentagung.info\/digital-rail-2023\/wp-json\/wp\/v2\/users\/1"}],"replies":[{"embeddable":true,"href":"https:\/\/expertentagung.info\/digital-rail-2023\/wp-json\/wp\/v2\/comments?post=24"}],"version-history":[{"count":17,"href":"https:\/\/expertentagung.info\/digital-rail-2023\/wp-json\/wp\/v2\/pages\/24\/revisions"}],"predecessor-version":[{"id":326,"href":"https:\/\/expertentagung.info\/digital-rail-2023\/wp-json\/wp\/v2\/pages\/24\/revisions\/326"}],"wp:attachment":[{"href":"https:\/\/expertentagung.info\/digital-rail-2023\/wp-json\/wp\/v2\/media?parent=24"}],"curies":[{"name":"wp","href":"https:\/\/api.w.org\/{rel}","templated":true}]}}