{"id":84,"date":"2021-11-16T13:42:59","date_gmt":"2021-11-16T12:42:59","guid":{"rendered":"https:\/\/expertentagung.info\/digital-rail-2021\/?page_id=84"},"modified":"2021-11-16T14:21:06","modified_gmt":"2021-11-16T13:21:06","slug":"hygienekonzept-2021-muenchen","status":"publish","type":"page","link":"https:\/\/expertentagung.info\/digital-rail-2021\/hygienekonzept-2021-muenchen\/","title":{"rendered":"Hygienekonzept 2021 M\u00fcnchen"},"content":{"rendered":"<p>&nbsp;<\/p>\n<p><strong>Zum Schutz von Teilnehmern, Referenten, Mitarbeitern gilt folgendes Hygienekonzept f\u00fcr die Veranstaltung <span style=\"color: #ff0000;\">DIGITAL-RAIL 2021<\/span> in M\u00fcnchen:<\/strong><\/p>\n<p>&nbsp;<\/p>\n<p>(1.) Obligatorisch: <strong>Gesetzliche Regelungen (bzw. Anrordnungen) der <a href=\"https:\/\/www.bundesregierung.de\/breg-de\" target=\"_blank\" rel=\"noopener\">Bundesrepublik Deutschland<\/a>, des <a href=\"https:\/\/www.bayern.de\/\" target=\"_blank\" rel=\"noopener\">Feistaates Bayern<\/a> sowie der <a href=\"https:\/\/www.muenchen.de\/\" target=\"_blank\" rel=\"noopener\">Stadt M\u00fcnchen<\/a> als rechtlich zust\u00e4ndige Gebietsk\u00f6rperschaft.<\/strong><\/p>\n<p>&nbsp;<\/p>\n<p>(2.) Auf dem Gel\u00e4nde bzw. in den R\u00e4umlichkeiten von DB Systemtechnik GmbH gilt das Hausrecht und damit das <strong>Hygienekonzept von DB Systemtechnik GmbH<\/strong>. Auf Aush\u00e4nge ist zu achten &#8211; den Anweisungen des Personals ist Folge zu leisten.<\/p>\n<p>&nbsp;<\/p>\n<p>(3.) Die Veranstaltung findet nach aktuellem Planungsstand im <strong>&#8222;2G-Modus&#8220;<\/strong> statt. Das bedeutet: Zutritt nur f\u00fcr Genesene und Geimpfte, welche ihren jeweiligen COVID19-Status durch geeignete Dokumente nachweisen k\u00f6nnen. Der Veranstalter ist verpflichtet, personenbezogene Daten (Teilnehmerliste) mit den Status-Nachweisen f\u00fcr eine begrenzte Zeit vorzuhalten. (Nachverfolgung von Infektionen.) Es ist nicht unwahrscheindlich, dass der Zutrittsmodus auf &#8222;2G+&#8220; angehoben wird. Bedeutet, dass auch f\u00fcr Genesene &amp; Geimpfte ein tagesaktueller Corona-Test nachgewiesen und dokumentiert werden muss.<\/p>\n<p>&nbsp;<\/p>\n<p>(4.) Auch den Teilnehmern mit &#8222;2G-Status&#8220; wird empfohlen, sich durch einen <strong>aktuellen Corona-Test<\/strong> (Antigen- oder PCR-Test) zu vergewissern, dass keine &#8222;symptomfreie Infektion&#8220; vorliegt. Es ist nicht auszuschlie\u00dfen, dass ein entsprechender Testnachweis zum Zeitpunkt der Veranstaltung oblitagorisch wird. Bitte nutzen Sie die in M\u00fcnchen verf\u00fcgbaren Testeinrichtungen, wie auf der interaktiven Karte angezeigt &gt;&gt;&gt; <a href=\"https:\/\/www.testen-muenchen.de\/\" target=\"_blank\" rel=\"noopener\">https:\/\/www.testen-muenchen.de\/<\/a><\/p>\n<p>&nbsp;<\/p>\n<p>(5.) Durch die dynamische Entwicklung der COVID-19-Situation k\u00f6nnen <strong>kurzfristige \u00c4nderungen des Hygienekonzeptes<\/strong> nicht ausgeschlossen werden, die z.B. aus beh\u00f6rdlichen Anordnungen resultieren. Bitte beachten Sie die aktuellen Hinweise in den Medien bzw. die Internetseiten der o.g. Gebietsk\u00f6rperschaften sowie \u00c4nderungen \/ Updates auf dieser Internetseite.<\/p>\n<p>&nbsp;<\/p>\n<p>(6.) W\u00e4hrend der Veranstaltung sind die &#8222;<strong>allgemeinen empfohlenen Hygieneregeln<\/strong>&#8220; &#8211; einzuhalten:<\/p>\n<p>&nbsp;<\/p>\n<p>Abstand halten:<\/p>\n<p>&nbsp;<\/p>\n<p><img decoding=\"async\" src=\"https:\/\/upload.wikimedia.org\/wikipedia\/commons\/thumb\/2\/22\/AHA-distance.svg\/240px-AHA-distance.svg.png\" \/><\/p>\n<p>&nbsp;<\/p>\n<p>Hygienestandards einhalten:<\/p>\n<p><img decoding=\"async\" src=\"https:\/\/upload.wikimedia.org\/wikipedia\/commons\/thumb\/d\/de\/ISO_7010_M011.svg\/240px-ISO_7010_M011.svg.png\" \/><\/p>\n<p>&nbsp;<\/p>\n<p>Mund-Nasen-Bedeckung tragen (FFP2):<\/p>\n<p><img decoding=\"async\" src=\"https:\/\/upload.wikimedia.org\/wikipedia\/commons\/thumb\/8\/80\/ISO_7010_M016.svg\/240px-ISO_7010_M016.svg.png\" \/><\/p>\n<p>&nbsp;<\/p>\n<p>L\u00fcften:<\/p>\n<p><img decoding=\"async\" src=\"https:\/\/upload.wikimedia.org\/wikipedia\/commons\/thumb\/6\/65\/Covid_aha_ventilation_1.svg\/240px-Covid_aha_ventilation_1.svg.png\" \/><\/p>\n<p>&nbsp;<\/p>\n<p>App benutzen:<\/p>\n<p><img decoding=\"async\" src=\"https:\/\/upload.wikimedia.org\/wikipedia\/commons\/thumb\/5\/5a\/Covid_aha_app.svg\/240px-Covid_aha_app.svg.png\" \/><\/p>\n<p>&nbsp;<\/p>\n<p>Quelle: https:\/\/www.zusammengegencorona.de bzw. https:\/\/de.wikipedia.org\/wiki\/AHA-Formel<\/p>\n<p>&nbsp;<\/p>\n","protected":false},"excerpt":{"rendered":"<p>&nbsp; Zum Schutz von Teilnehmern, Referenten, Mitarbeitern gilt folgendes Hygienekonzept f\u00fcr die Veranstaltung DIGITAL-RAIL 2021 in M\u00fcnchen: &nbsp; (1.) Obligatorisch: Gesetzliche Regelungen (bzw. Anrordnungen) der Bundesrepublik Deutschland, des Feistaates Bayern sowie der Stadt M\u00fcnchen als rechtlich zust\u00e4ndige Gebietsk\u00f6rperschaft. &nbsp; (2.) Auf dem Gel\u00e4nde bzw. in den R\u00e4umlichkeiten von DB Systemtechnik GmbH gilt das Hausrecht und [&hellip;]<\/p>\n","protected":false},"author":1,"featured_media":0,"parent":0,"menu_order":0,"comment_status":"closed","ping_status":"closed","template":"","meta":{"footnotes":""},"class_list":["post-84","page","type-page","status-publish","hentry"],"_links":{"self":[{"href":"https:\/\/expertentagung.info\/digital-rail-2021\/wp-json\/wp\/v2\/pages\/84","targetHints":{"allow":["GET"]}}],"collection":[{"href":"https:\/\/expertentagung.info\/digital-rail-2021\/wp-json\/wp\/v2\/pages"}],"about":[{"href":"https:\/\/expertentagung.info\/digital-rail-2021\/wp-json\/wp\/v2\/types\/page"}],"author":[{"embeddable":true,"href":"https:\/\/expertentagung.info\/digital-rail-2021\/wp-json\/wp\/v2\/users\/1"}],"replies":[{"embeddable":true,"href":"https:\/\/expertentagung.info\/digital-rail-2021\/wp-json\/wp\/v2\/comments?post=84"}],"version-history":[{"count":8,"href":"https:\/\/expertentagung.info\/digital-rail-2021\/wp-json\/wp\/v2\/pages\/84\/revisions"}],"predecessor-version":[{"id":95,"href":"https:\/\/expertentagung.info\/digital-rail-2021\/wp-json\/wp\/v2\/pages\/84\/revisions\/95"}],"wp:attachment":[{"href":"https:\/\/expertentagung.info\/digital-rail-2021\/wp-json\/wp\/v2\/media?parent=84"}],"curies":[{"name":"wp","href":"https:\/\/api.w.org\/{rel}","templated":true}]}}